git of u(v)?
0
Let r = -109 + 111. Suppose -5*j = -5*l + 6530, r = 5*j - 3*j. What is the units digit of l?
7
Suppose -6*z - 2*z + 8 = 0. What is the units digit of (16/72*9)/(z/411)?
2
Suppose -4*a - 5*v = a - 15, -3*v = -5*a + 55. Let j be a/(-12) + 2/3. Suppose j = -4*p + 3*r + 821, 0 = -p - 2*r + 42 + 155. What is the tens digit of p?
0
Suppose -2*p = 2*h - 4, -3*p + 7*p - h - 13 = 0. Suppose 208 = p*b + 4*q - 8, -5*b + 2*q + 360 = 0. What is the units digit of 92/6 + (-24)/b?
5
Suppose -143295 = -4*h + 3*x, h - 41024 = 3*x - 5207. What is the thousands digit of h?
5
Suppose 42107 - 240148 = -23*w - 241. What is the units digit of w?
0
Let l(g) = 4*g**2 + 27*g - 4. Let t be l(-7). Suppose -18*w = -3*h - 16*w + 2802, t*h - 2805 = 3*w. What is the units digit of h?
2
Suppose 4*t = 3*u + 8692 + 14598, 4*t = -u + 23298. What is the thousands digit of t?
5
Suppose -7*s - 1962 = 2*s. Let u = 324 + s. Suppose 2*c - 4*a - u = -0*a, 4*a = -c + 53. What is the units digit of c?
3
Suppose 5 + 2 = -7*z. Let h be (11 - z - 2)*-1. What is the units digit of 8/h*155/(-2)?
2
Let p = 29 + -26. Suppose -s + p*s = 10. Suppose s*j + 0*z - 1169 = z, -z = 3*j - 703. What is the units digit of j?
4
Suppose 4*h - 4*k - 810 = 314, h - 2*k = 285. Let d = -63 + h. Suppose -d = 3*v - 1117. What is the units digit of v?
1
Suppose -127*o - 2286438 = -204*o. What is the tens digit of o?
9
Suppose 94*r - 860010 = 64*r. What is the tens digit of r?
6
Suppose k + 593 = 3*m, 5*m - 10*m = -5*k - 3015. Let s = k + 1052. What is the units digit of s?
4
Let o be (-17)/102 - 2642/(-12). Let c = o + -152. Suppose 0 = -6*r + 680 - c. What is the units digit of r?
2
Let w(p) = 32*p - 21. Let a be w(8). Suppose 2*q + 3*i = a, 4*i = -3*q + 264 + 87. Suppose -2*o - 27 + q = 0. What is the tens digit of o?
4
Suppose -4*f + y + 11064 = 0, 0 = 9*f - 5*y + 4*y - 24899. What is the hundreds digit of f?
7
Let z be (651 - -1)*(11 + -12). Let x = z - -1045. What is the units digit of x?
3
Let g = -87 - -89. Suppose -3*r + 6 = -g*x + r, -9 = -5*x - 2*r. What is the hundreds digit of x/(-3) - (-364)/3?
1
Let t = 2248 - 808. Let s be t/81 + 6/27. What is the tens digit of ((-19)/(-3) + -2)*s/6?
1
Suppose 89*z - 502626 = -14817. What is the units digit of z?
1
What is the tens digit of -5*(9*(-20)/600)/(6/198472)?
1
What is the tens digit of (-18344)/(-2) - (62/(-10) - (-63)/315)?
7
Let z(g) = g**3 + g**2 + g. Let q(i) = -7*i**3 + 4*i**2 - 5*i + 5. Let j(d) = q(d) + 6*z(d). What is the units digit of j(-5)?
5
Let p(o) = 1095*o - 421. What is the hundreds digit of p(12)?
7
Let j = -34 + 11. Let m = j - 2. Let r = 62 + m. What is the units digit of r?
7
Let p(y) = 2*y + 4. Let x be p(-8). Let f(g) = 18*g + 41. Let k be f(-2). What is the tens digit of x/9*((k - 3) + -74)?
9
Suppose -3*g + 7*g - w + 32 = 0, -w = 5*g + 31. Let p(v) = 20*v**2 - 24*v - 113. What is the units digit of p(g)?
5
Suppose 919139 + 209195 = 19*q. What is the hundreds digit of q?
3
Suppose -56*q = 56*q - 109*q - 41046. What is the thousands digit of q?
3
Suppose -31*s + 42266 + 47727 = 0. What is the hundreds digit of s?
9
Let d(l) = -768*l + 1727. What is the ten thousands digit of d(-41)?
3
Let s be (41 - 22)/(2/100) + 6. Suppose 328 = 4*g - s. What is the tens digit of g?
2
Let u(g) = -228*g + 6. Let x be u(-2). Let a = x + -251. What is the hundreds digit of a?
2
Let q be ((-40)/(-12) + -2*2)*36. Suppose -7*i = -3*i - 2*j + 2, i + 8 = 2*j. What is the units digit of i/(-5) - (-14)/(-15)*q?
2
Let b = -94 + 94. Suppose 0*p - 6*p + 30 = b. Suppose 0 = 3*d - 41 + p. What is the tens digit of d?
1
Let v be -2 - 30/(((-4)/(-490))/(-1)). Suppose -9*q + v = 883. What is the tens digit of q?
1
Let s = -46 - 5. Let n = -35 - s. Suppose c + 160 = 2*t + n, -c = 2*t - 144. What is the tens digit of t?
7
Let q = -82 - -84. Suppose -q*p - 2 = -8. Suppose -p*z + 4*d = -63, 0*z + 3*d = -2*z + 42. What is the units digit of z?
1
Suppose 440*z + 42*z = 13482022. What is the thousands digit of z?
7
Let v(n) = -2*n**3 - 2*n**2 + 4*n - 3. Let c be v(1). Let i be (c + -5)*84/(-16). Let w = -30 + i. What is the tens digit of w?
1
Let t = 57 + 779. What is the tens digit of t?
3
Suppose -5*u + 266 + 569 = -4*x, -4*u = 2*x - 694. Let h = -8 + u. What is the tens digit of h?
6
Suppose 28*q - 31*q + 534 = 0. Let x = q + -5. Suppose 5*v - x = -3*z, 4*z - 48 = -v + 177. What is the units digit of z?
6
Let m(t) = -193*t**3 + 5*t**2 - 22*t - 101. What is the hundreds digit of m(-4)?
4
Suppose -133*c + 58459 = -130*c + 5*f, -1 = f. What is the ten thousands digit of c?
1
Suppose 2*t + 10 = 0, 7*k + 2*t - 240 = 9*k. Let r = 5 - k. What is the units digit of r?
0
Suppose -38*y = -35*y - 2*w - 13, -20 = -3*y - 5*w. Suppose j + 2*j = 3, -5*z + y*j + 2130 = 0. What is the hundreds digit of z?
4
Let r be (-3)/(3 - 12/3). Suppose 3*q - 2*u = 985 + 310, 3*q - 1290 = r*u. Suppose -93 = -v + 3*o + 2*o, 0 = 5*v + 5*o - q. What is the tens digit of v?
8
Suppose 29*u = 110*u - 393417. What is the thousands digit of u?
4
Let k = -82 + 82. Suppose k*f - 20 = -4*f. Suppose -2715 - f = -10*q. What is the units digit of q?
2
Suppose -3*o + a + 18575 = -638, 25596 = 4*o + 4*a. What is the thousands digit of o?
6
What is the tens digit of ((-290)/(-725))/(2/(-20))*(-12681 + -1)?
2
Let k(y) = 6*y**2 + 23*y + 23529. What is the tens digit of k(0)?
2
Let s(u) = -77*u - 5. Let g be s(-1). What is the units digit of (9 - 5)/((1 + 1)/g)?
4
Let w(k) = k**3 + 17*k**2 + 32*k + 29. Let x(m) = -3*m**3 - 50*m**2 - 96*m - 87. Let o(p) = 8*w(p) + 3*x(p). What is the hundreds digit of o(-13)?
2
Let l = 1258 + -642. Suppose 4*h + 2*m = 6*m + l, 4*m - 434 = -3*h. What is the tens digit of h/(-10)*4/(-5)?
1
Let m = -109 - -80. Let y be (4 - m)*4/(-6). Let q = y - -67. What is the tens digit of q?
4
Let w be (9/9 + 2/(-4))*-14. Let o be -23*(2 + w + 6). Let m(k) = k**2 + 10*k - 61. What is the tens digit of m(o)?
3
Let n(t) = 380*t + 1298. What is the units digit of n(44)?
8
Suppose 0 = 132*p - 134*p + 1122. Let y = -272 + p. What is the units digit of y?
9
Let s be (3 + -6)*(-4 + 1731). Suppose 6 = 5*o - 2*o. What is the units digit of s/(-77) + o/(-7)?
7
Suppose j - 10 = 3*i, 3*i = -j - 2 - 6. Suppose w + 1 = -2*s, 4 = -5*s - 0*s - 2*w. What is the units digit of 59 - (7 + i) - s?
7
Suppose 0 = -6*p + 6 - 0. Let o be (-2104)/4 - (-1)/p. Let n = -354 - o. What is the units digit of n?
1
Suppose 10*i = 952 - 6482. What is the tens digit of 11/((-3878)/i - 7)?
6
Let x = -25 + 23. Let q(d) = -2*d**2 - 15*d - 11. Let i be q(-5). What is the tens digit of 101 - (x/5)/(i/(-70))?
9
Suppose 4*w - 211 = 4*g - 3187, -w + 740 = g. What is the units digit of g?
2
Suppose 53094 = 2*c + 503*y - 499*y, 0 = -4*c + 5*y + 106149. What is the tens digit of c?
4
Let d(q) = 1274*q + 4569. What is the hundreds digit of d(10)?
3
Let k(f) = 368*f**2 + 5*f + 7. Let d be k(-6). Suppose 22*y + y = d. What is the hundreds digit of y?
5
Let h(n) = -n**2 + 5*n + 14. Let f be 7/(-7) + 2 + 6. Let v be h(f). Let i(j) = 2*j**2 - j + 52. What is the tens digit of i(v)?
5
Suppose -2*b = 3*z - 27, 5*b = -8*z + 3*z + 70. Suppose -b = -3*s - 0*o - 3*o, 4*s = 4*o - 20. Let q(k) = 3*k + 15. What is the units digit of q(s)?
5
Let f = 775 - 255. Suppose r = -2*r + s + 14, 0 = 5*s - 5. Suppose 0 = -r*g + 13*g - f. What is the units digit of g?
5
Let m = 25 - 20. Suppose 0 = -r - 2*q - m, q + 7 = r. Suppose 0 = r*s - 48 - 126. What is the units digit of s?
8
Let u(t) = t**3 + 12*t**2 - t - 8. Let p be u(-12). Suppose 0 = p*l - 5*m - 526, 2*m + 0*m - 4 = 0. Let n = l - 70. What is the units digit of n?
4
Let y(i) = 26*i**2 - 307*i - 40. What is the tens digit of y(24)?
6
Suppose -4*s = -3*y + 36920, 2*y + 5*s - 30275 = -5700. What is the tens digit of y?
0
Suppose l = -u - 4*u + 28896, -4*u = 2*l - 23118. What is the units digit of u?
9
Let l = 34219 + -21782. What is the ten thousands digit of l?
1
Let q(r) = 11*r - 52. Let i be q(6). Let m be (-4)/i + 6660/35. Let d = -53 + m. What is the hundreds digit of d?
1
Let v(p) = p**3 - 26*p**2 + 34*p - 27. Let d be v(25). Suppose -2*k = 2*i - 5*i + 302, -d = -2*i + 2*k. What is the units digit of i?
4
Suppose 139 - 138 = k. What is the tens digit of (2/(-3))/(k/((-1641)/2))?
4
Suppose -4